vided by 177731.
244
What is the remainder when 390517 is divided by 389606?
911
What is the remainder when 683505 is divided by 18462?
411
Calculate the remainder when 97827458 is divided by 94428.
50
Calculate the remainder when 114810 is divided by 3952.
202
Calculate the remainder when 15927308 is divided by 23631.
14
What is the remainder when 37325 is divided by 2938?
2069
What is the remainder when 6094087 is divided by 260?
207
What is the remainder when 11160515 is divided by 11160499?
16
Calculate the remainder when 47450588 is divided by 11862647.
0
Calculate the remainder when 27933765 is divided by 13966879.
7
What is the remainder when 7377564 is divided by 3797?
3790
Calculate the remainder when 177739 is divided by 9869.
97
What is the remainder when 1559394 is divided by 311854?
124
Calculate the remainder when 91338 is divided by 12698.
2452
What is the remainder when 79171686 is divided by 376?
374
What is the remainder when 335259 is divided by 86?
31
What is the remainder when 2004641294 is divided by 16?
14
What is the remainder when 9245969 is divided by 268?
237
Calculate the remainder when 7510248 is divided by 8846.
8840
What is the remainder when 116044 is divided by 38101?
1741
Calculate the remainder when 3456447 is divided by 763.
57
Calculate the remainder when 631930 is divided by 177.
40
What is the remainder when 17145367 is divided by 3429072?
7
Calculate the remainder when 29451604 is divided by 5890319.
9
What is the remainder when 2044297 is divided by 243?
181
What is the remainder when 2908 is divided by 571?
53
What is the remainder when 263389 is divided by 37439?
1316
What is the remainder when 7147160 is divided by 1021021?
13
What is the remainder when 381833537 is divided by 837?
833
Calculate the remainder when 143715 is divided by 174.
165
What is the remainder when 170236776 is divided by 23?
22
What is the remainder when 2632714 is divided by 239?
129
Calculate the remainder when 45917305 is divided by 5101920.
25
Calculate the remainder when 11908034 is divided by 721.
719
What is the remainder when 42675 is divided by 13426?
2397
Calculate the remainder when 18036789 is divided by 643.
639
What is the remainder when 280178122 is divided by 244?
242
What is the remainder when 15204667 is divided by 56?
51
What is the remainder when 930269 is divided by 116172?
893
What is the remainder when 394839 is divided by 131609?
12
Calculate the remainder when 177739 is divided by 847.
716
What is the remainder when 1973327 is divided by 563?
12
What is the remainder when 189231 is divided by 63043?
102
Calculate the remainder when 124291923 is divided by 117.
15
Calculate the remainder when 18334 is divided by 7033.
4268
Calculate the remainder when 603798 is divided by 999.
402
What is the remainder when 5701153 is divided by 814301?
1046
Calculate the remainder when 40434630 is divided by 222.
216
What is the remainder when 26903841 is divided by 4683?
6
What is the remainder when 3259641 is divided by 465?
456
Calculate the remainder when 4055479 is divided by 217.
183
What is the remainder when 1071740 is divided by 214340?
40
Calculate the remainder when 21215846 is divided by 13670.
6
What is the remainder when 1576 is divided by 1205?
371
What is the remainder when 1584162 is divided by 528053?
3
What is the remainder when 316305 is divided by 18557?
836
What is the remainder when 4098781 is divided by 133?
120
Calculate the remainder when 17317242 is divided by 658.
656
Calculate the remainder when 11192470 is divided by 659.
14
What is the remainder when 37277269 is divided by 12425747?
28
What is the remainder when 38039073 is divided by 9509768?
1
Calculate the remainder when 480671 is divided by 88.
15
What is the remainder when 403400 is divided by 100832?
72
Calculate the remainder when 258523 is divided by 1782.
133
Calculate the remainder when 14616126 is divided by 1964.
38
What is the remainder when 12097815 is divided by 241956?
15
Calculate the remainder when 25055 is divided by 8166.
557
Calculate the remainder when 339312 is divided by 6442.
4328
Calculate the remainder when 1515863 is divided by 696.
671
Calculate the remainder when 516299956 is divided by 453.
1
Calculate the remainder when 423770 is divided by 1953.
1922
What is the remainder when 48194196 is divided by 4600?
4596
What is the remainder when 351042 is divided by 116954?
180
Calculate the remainder when 903228 is divided by 150538.
0
Calculate the remainder when 9519 is divided by 4749.
21
Calculate the remainder when 17174144 is divided by 356.
348
Calculate the remainder when 11007825 is divided by 1207.
1192
What is the remainder when 840712 is divided by 2919?
40
Calculate the remainder when 16923705 is divided by 5641234.
3
Calculate the remainder when 10697570 is divided by 244.
122
Calculate the remainder when 353275 is divided by 984.
19
What is the remainder when 1387386 is divided by 13752?
12186
What is the remainder when 25575291 is divided by 76?
75
What is the remainder when 7784616 is divided by 3892269?
78
What is the remainder when 4577256 is divided by 6375?
6
What is the remainder when 828675 is divided by 414332?
11
What is the remainder when 614125 is divided by 153469?
249
Calculate the remainder when 352070 is divided by 1543.
266
Calculate the remainder when 261546 is divided by 387.
321
Calculate the remainder when 757102 is divided by 9013.
10
What is the remainder when 1064808 is divided by 29?
15
What is the remainder when 53253 is divided by 23693?
5867
Calculate the remainder when 27487675 is divided by 2090.
2085
Calculate the remainder when 117667328 is divided by 55.
53
Calculate the remainder when 422198927 is divided by 13.
7
What is the remainder when 251143 is divided by 242967?
8176
What is the remainder when 496217 is divided by 22555?
7
What is the remainder when 353349 is divided by 5512?
581
Calculate the remainder when 5426305 is divided by 92.
53
Calculate the remainder when 140679 is divided by 39.
6
Calculate the remainder when 4448379 is divided by 587.
93
Calculate the remainder when 1239684 is divided by 339.
300
What is the remainder when 349306 is divided by 47?
2
What is the remainder when 3605639 is divided by 257543?
37
What is the remainder when 21419748 is divided by 550?
548
What is the remainder when 1105999 is divided by 2597?
2274
What is the remainder when 44364 is divided by 1082?
2
Calculate the remainder when 18096825 is divided by 152074.
19
Calculate the remainder when 1387918 is divided by 693893.
132
What is the remainder when 859028 is divided by 2214?
2210
Calculate the remainder when 798148959 is divided by 3393.
3390
What is the remainder when 1083961 is divided by 387?
361
What is the remainder when 990266 is divided by 198047?
31
Calculate the remainder when 3099273 is divided by 63.
51
What is the remainder when 13369492 is divided by 514207?
110
What is the remainder when 167284 is divided by 211?
172
Calculate the remainder when 57900 is divided by 934.
926
What is the remainder when 9215596 is divided by 4?
0
Calculate the remainder when 15491299 is divided by 573751.
22
What is the remainder when 282440 is divided by 3488?
3400
Calculate the remainder when 3535025 is divided by 46.
17
What is the remainder when 4155792 is divided by 159?
9
Calculate the remainder when 155621 is divided by 8643.
47
Calculate the remainder when 35876959 is divided by 4354.
4353
Calculate the remainder when 3098 is divided by 1946.
1152
What is the remainder when 1177889 is divided by 392625?
14
What is the remainder when 82180 is divided by 1759?
1266
Calculate the remainder when 22637195 is divided by 39.
35
Calculate the remainder when 2267253 is divided by 5.
3
What is the remainder when 2227817 is divided by 503?
30
What is the remainder when 721984867 is divided by 145?
142
What is the remainder when 20412027 is divided by 1661?
1659
What is the remainder when 41473676 is divided by 46810?
16
What is the remainder when 23868350 is divided by 1357?
77
Calculate the remainder when 3445140 is divided by 17488.
4
Calculate the remainder when 201124 is divided by 137.
8
Calculate the remainder when 2602007 is divided by 100076.
31
Calculate the rema